{"id":393,"date":"2021-05-22T16:39:17","date_gmt":"2021-05-22T14:39:17","guid":{"rendered":"https:\/\/yeet-vtc.com\/?page_id=393"},"modified":"2025-01-23T08:54:49","modified_gmt":"2025-01-23T07:54:49","slug":"mentions_legales","status":"publish","type":"page","link":"https:\/\/yeet-vtc.com\/index.php\/mentions_legales\/","title":{"rendered":"Mentions L\u00e9gales"},"content":{"rendered":"\t\t<div data-elementor-type=\"wp-page\" data-elementor-id=\"393\" class=\"elementor elementor-393\">\n\t\t\t\t\t\t<section class=\"elementor-section elementor-top-section elementor-element elementor-element-a3078b2 elementor-section-height-min-height elementor-section-boxed elementor-section-height-default elementor-section-items-middle\" data-id=\"a3078b2\" data-element_type=\"section\">\n\t\t\t\t\t\t<div class=\"elementor-container elementor-column-gap-default\">\n\t\t\t\t\t<div class=\"aux-parallax-section elementor-column elementor-col-100 elementor-top-column elementor-element elementor-element-f13464e\" data-id=\"f13464e\" data-element_type=\"column\">\n\t\t\t<div class=\"elementor-widget-wrap elementor-element-populated\">\n\t\t\t\t\t\t<div class=\"elementor-element elementor-element-c3d2bb2 elementor-widget elementor-widget-toggle\" data-id=\"c3d2bb2\" data-element_type=\"widget\" data-widget_type=\"toggle.default\">\n\t\t\t\t<div class=\"elementor-widget-container\">\n\t\t\t\t\t\t\t<div class=\"elementor-toggle\">\n\t\t\t\t\t\t\t<div class=\"elementor-toggle-item\">\n\t\t\t\t\t<div id=\"elementor-tab-title-2051\" class=\"elementor-tab-title\" data-tab=\"1\" role=\"button\" aria-controls=\"elementor-tab-content-2051\" aria-expanded=\"false\">\n\t\t\t\t\t\t\t\t\t\t\t\t<span class=\"elementor-toggle-icon elementor-toggle-icon-left\" aria-hidden=\"true\">\n\t\t\t\t\t\t\t\t\t\t\t\t\t\t\t<span class=\"elementor-toggle-icon-closed\"><i class=\"fas fa-angle-double-down\"><\/i><\/span>\n\t\t\t\t\t\t\t\t<span class=\"elementor-toggle-icon-opened\"><i class=\"elementor-toggle-icon-opened fas fa-angle-double-up\"><\/i><\/span>\n\t\t\t\t\t\t\t\t\t\t\t\t\t<\/span>\n\t\t\t\t\t\t\t\t\t\t\t\t<a class=\"elementor-toggle-title\" tabindex=\"0\">YEET-VTC<\/a>\n\t\t\t\t\t<\/div>\n\n\t\t\t\t\t<div id=\"elementor-tab-content-2051\" class=\"elementor-tab-content elementor-clearfix\" data-tab=\"1\" role=\"region\" aria-labelledby=\"elementor-tab-title-2051\"><p>YEET-VTC est une solution YEET Assurances &#8211; 54 avenue du mar\u00e9chal de Saxe \u2013 69006 LYON \u2013\u00a0<a href=\"mailto:contact@yeet-vtc.com\" target=\"_blank\" rel=\"noopener noreferrer\" data-auth=\"NotApplicable\" data-linkindex=\"3\" data-ogsc=\"\">contact@yeet-vtc.com<\/a>\u00a0SAS au capital de 3 000\u20ac \u2013 RCS Lyon 903169548 &#8211; Immatriculation ORIAS n\u00b0 21008016\u00a0en qualit\u00e9 de courtier en assurance \u2013\u00a0<a href=\"http:\/\/www.orias.fr\/\" target=\"_blank\" rel=\"noopener noreferrer\" data-auth=\"NotApplicable\" data-linkindex=\"4\" data-ogsc=\"\">www.orias.fr<\/a>\u00a0Entreprises r\u00e9gies par le Code des assurances et soumises au contr\u00f4le de l&rsquo;ACPR (Autorit\u00e9 de contr\u00f4le prudentiel &amp; de r\u00e9solution) \u2013 4 place de Budapest \u2013 75436 Paris Cedex 09<\/p><\/div>\n\t\t\t\t<\/div>\n\t\t\t\t\t\t\t<div class=\"elementor-toggle-item\">\n\t\t\t\t\t<div id=\"elementor-tab-title-2052\" class=\"elementor-tab-title\" data-tab=\"2\" role=\"button\" aria-controls=\"elementor-tab-content-2052\" aria-expanded=\"false\">\n\t\t\t\t\t\t\t\t\t\t\t\t<span class=\"elementor-toggle-icon elementor-toggle-icon-left\" aria-hidden=\"true\">\n\t\t\t\t\t\t\t\t\t\t\t\t\t\t\t<span class=\"elementor-toggle-icon-closed\"><i class=\"fas fa-angle-double-down\"><\/i><\/span>\n\t\t\t\t\t\t\t\t<span class=\"elementor-toggle-icon-opened\"><i class=\"elementor-toggle-icon-opened fas fa-angle-double-up\"><\/i><\/span>\n\t\t\t\t\t\t\t\t\t\t\t\t\t<\/span>\n\t\t\t\t\t\t\t\t\t\t\t\t<a class=\"elementor-toggle-title\" tabindex=\"0\">Mentions l\u00e9gales<\/a>\n\t\t\t\t\t<\/div>\n\n\t\t\t\t\t<div id=\"elementor-tab-content-2052\" class=\"elementor-tab-content elementor-clearfix\" data-tab=\"2\" role=\"region\" aria-labelledby=\"elementor-tab-title-2052\"><h2>Pr\u00e9sentation<\/h2>\n<p>Le site \u00ab <a href=\"http:\/\/www.yeet-vtc.com\">www.yeet-vtc.com<\/a> \u00bb est la propri\u00e9t\u00e9 de <strong>YEET ASSURANCES<\/strong>, soci\u00e9t\u00e9 de courtage d\u2019assurances et est destin\u00e9 \u00e0 vous informer des offres, services, actualit\u00e9s et partenaires de <strong>YEET ASSURANCES<\/strong>.<\/p>\n<p><strong>YEET ASSURANCES<\/strong> est une SAS au capital de 3 000 \u20ac, immatricul\u00e9e au RCS de Lyon sous le n\u00b0 903 169 548, dont le si\u00e8ge social est situ\u00e9 54 avenue du Mar\u00e9chal de Saxe \u2013 69006 Lyon<\/p>\n<p>Num\u00e9ro de t\u00e9l\u00e9phone : <a href=\"tel:0451085375\">04 51 08 53 75<\/a><\/p>\n<p>Num\u00e9ro SIRET : 90316954800018<\/p>\n<p>Code APE : 6622Z \u2013 Activit\u00e9s des agents et courtiers d\u2019assurances<\/p>\n<p>N\u00b0 ORIAS 21008016 &#8211; Courtier en assurance<br>Site web : <a href=\"http:\/\/www.orias.fr\">www.orias.fr<\/a><br>Adresse : 1 Rue Jules Lefebvre \u2013 75731 PARIS CEDEX 09 \u2013 T\u00e9l : <a href=\"tel:0153215170\">01 53 21 51 70<\/a><\/p>\n<p><span style=\"text-decoration: underline;\"><strong>RC Professionnelle et Garantie Financi\u00e8re<\/strong><\/span> :&nbsp;<span style=\"font-size: 16.0016px;\">LLOYDS INSURANCE COMPANY SA contrat IFI2412M-LLB6-100123<\/span><\/p>\n<p><span style=\"text-decoration: underline;\"><strong>Responsable de publication<\/strong><\/span> : <strong>Philippe Decaudin &#8211; Pr\u00e9sident<\/strong><\/p>\n<p><span style=\"text-decoration: underline;\"><strong>Editeur du site<\/strong><\/span>&nbsp;: YEET ASSURANCES<br><span style=\"text-decoration: underline;\"><strong>H\u00e9bergeur du site<\/strong><\/span> : OVH<\/p>\n<h2>Autorit\u00e9 de contr\u00f4le<\/h2>\n<p>Notre activit\u00e9 est r\u00e9gie par le Code des assurances et soumise au contr\u00f4le de l\u2019ACPR (Autorit\u00e9 de Contr\u00f4le Prudentiel et de R\u00e9solution) \u2013 4 place de Budapest CS 92459 \u2013 75436 PARIS CEDEX 09 France. <a href=\"http:\/\/www.acpr.banque-france.fr\">www.acpr.banque-france.fr<\/a><\/p>\n<p>Nous disposons d\u2019une garantie financi\u00e8re et assurance de Responsabilit\u00e9 Civile Professionnelle conformes aux articles L.512-6 et L.512-7 du Code des assurances.<\/p>\n<h2>Responsabilit\u00e9s<\/h2>\n<p>YEET ASSURANCES met tout en \u0153uvre pour garantir l\u2019accessibilit\u00e9 de son site internet et de ses contenus 24 heures\/24 et 7 jours\/7.<\/p>\n<p>YEET ASSURANCES se r\u00e9serve le droit, \u00e0 tout moment et sans avertissement pr\u00e9alable, de modifier ou suspendre temporairement ou d\u00e9finitivement, tout ou partie des contenus et services propos\u00e9s.<\/p>\n<p>YEET ASSURANCES d\u00e9cline toute responsabilit\u00e9 pour toute survenance de bugs, interruption, suspension ou dysfonctionnement partiel ou total du site.<\/p>\n<p>YEET ASSURANCES ne peut \u00eatre tenu pour responsable pour toutes modifications, suspensions ou cessations des services propos\u00e9s.<\/p>\n<p>YEET ASSURANCES ne saurait garantir l\u2019exactitude, l\u2019exhaustivit\u00e9 et l\u2019ad\u00e9quation des informations et \u00e9l\u00e9ments du site avec vos besoins.<\/p>\n<h2>Contenu du site<\/h2>\n<p>Les informations communiqu\u00e9es sur le site <a href=\"http:\/\/www.yeet-vtc.com\">www.yeet-vtc.com<\/a> sont \u00e0 titre indicatif. Elles ne pr\u00e9tendent aucunement \u00e0 l\u2019exactitude et l\u2019exhaustivit\u00e9.<\/p>\n<p>Le site peut inclure des liens vers d\u2019autres sites ou sources Internet. YEET ASSURANCES d\u00e9cline toute responsabilit\u00e9 relative aux contenus, publicit\u00e9s, produits et services des sites Internet vers lesquels des liens hypertextes pourraient renvoyer depuis le site <a href=\"http:\/\/www.yeet-vtc.com\">www.yeet-vtc.com<\/a>.<\/p>\n<h2>Propri\u00e9t\u00e9 intellectuelle<\/h2>\n<p>L\u2019ensemble des contenus, textes, documents, images, logos, ic\u00f4nes, savoir-faire et tous autres \u00e9l\u00e9ments pr\u00e9sents sur ce site Internet sont la propri\u00e9t\u00e9 exclusive de <strong>YEET ASSURANCES<\/strong> et\/ou de ses partenaires, et sont prot\u00e9g\u00e9s par la l\u00e9gislation fran\u00e7aise sur les droits d\u2019auteur.<\/p>\n<p>La reproduction totale ou partielle, repr\u00e9sentation, utilisation, incorporation, de quelque mani\u00e8re sous quelque forme, par quelque proc\u00e9d\u00e9 sur quelque support que ce soit, de l\u2019un des \u00e9l\u00e9ments du site est strictement interdite sauf autorisation expresse et pr\u00e9alable de <strong>YEET ASSURANCES<\/strong>.<\/p>\n<p>Le non-respect de cette interdiction constitue une contrefa\u00e7on susceptible d\u2019engager la responsabilit\u00e9 civile et p\u00e9nale de son auteur.<\/p>\n<h2>Protection des donn\u00e9es personnelles<\/h2>\n<p>YEET ASSURANCES attache une haute importance \u00e0 la protection de vos donn\u00e9es personnelles. Dans un souhait de totale transparence, nous tenions \u00e0 vous informer sur les donn\u00e9es que nous collectons, comment sont-elles utilis\u00e9es et les droits que vous avez.<\/p>\n<p>Vous \u00eates inform\u00e9 que les donn\u00e9es personnelles figurant dans le pr\u00e9sent document sont collect\u00e9es par l\u2019interm\u00e9diaire de YEET-VTC, pour le compte de Wakam en tant que responsable de traitement.<\/p>\n<h2>Collecte et finalit\u00e9s d\u2019utilisation de vos donn\u00e9es personnelles<\/h2>\n<p>Les donn\u00e9es personnelles suivantes sont collect\u00e9es dans le cadre de la souscription de contrat :&nbsp;<span style=\"font-size: 16.0016px;\">Pr\u00e9nom &#8211;&nbsp;<\/span><span style=\"font-size: 16.0016px;\">Nom &#8211;&nbsp;<\/span><span style=\"font-size: 16.0016px;\">Date de naissance &#8211;&nbsp;<\/span><span style=\"font-size: 16.0016px;\">Date de permis de conduire &#8211;&nbsp;<\/span><span style=\"font-size: 16.0016px;\">Ant\u00e9c\u00e9dents d\u2019assurance &#8211;&nbsp;<\/span><span style=\"font-size: 16.0016px;\">Adresse personnelle &#8211;&nbsp;<\/span><span style=\"font-size: 16.0016px;\">Email &#8211;&nbsp;<\/span><span style=\"font-size: 16.0016px;\">T\u00e9l\u00e9phone.<\/span><\/p>\n<p><span style=\"font-size: 16.0016px;\">Les donn\u00e9es \u00e0 caract\u00e8re personnel recueillies font l\u2019objet d\u2019un traitement informatis\u00e9 pour permettre \u00e0 YEET ASSURANCES ou \u00e0 ses sous-traitants de vous contacter et\/ou de vous adresser toute proposition ou documentation dans le cadre de votre recherche d\u2019une solution d\u2019assurance, puis le cas \u00e9ch\u00e9ant pour la passation et la gestion des contrats d\u2019assurance. Ces donn\u00e9es pourront \u00e9galement \u00eatre utilis\u00e9es \u00e0 des fins de prospection commerciale pour des produits et services analogues si vous avez accord\u00e9 pr\u00e9alablement votre consentement \u00e0 cette utilisation en cochant la case pr\u00e9vue \u00e0 cet effet lors de la validation de votre contrat.<\/span><\/p>\n<p>Le responsable du traitement de vos donn\u00e9es personnelles est la soci\u00e9t\u00e9 YEET ASSURANCES dont le si\u00e8ge social est 54 avenue du Mar\u00e9chal de Saxe 69006 Lyon.<\/p>\n<p>La base l\u00e9gale du traitement de vos donn\u00e9es personnelles est l\u2019ex\u00e9cution de votre contrat d\u2019assurance ou votre consentement explicite recueilli lors de la collecte des donn\u00e9es.<\/p>\n<p>Pour les m\u00eames finalit\u00e9s que celles \u00e9nonc\u00e9es ci-dessus, ces donn\u00e9es pourront \u00eatre utilis\u00e9es par les entit\u00e9s de notre groupe et pourront le cas \u00e9ch\u00e9ant \u00eatre transmises \u00e0 nos partenaires, mandataires, r\u00e9assureurs, organismes professionnels et fonds de garantie, sous-traitants missionn\u00e9s ainsi qu\u2019aux organismes d\u2019assurance des personnes impliqu\u00e9es et aux organismes et autorit\u00e9s publics.<\/p>\n<h3>Traitements en dehors de l\u2019EEE<\/h3>\n<p>Certains de ces traitements sont susceptibles d\u2019\u00eatre effectu\u00e9s par des prestataires install\u00e9s en dehors de l\u2019Espace Economique Europ\u00e9en : en Tunisie ou au Maroc.<br>Ces transferts sont encadr\u00e9s des mesures appropri\u00e9es assurant la s\u00e9curit\u00e9 des donn\u00e9es.<\/p>\n<h3>Mesures de s\u00e9curit\u00e9<\/h3>\n<p>Wakam s\u2019engage \u00e0 assurer la s\u00e9curit\u00e9 de vos donn\u00e9es en mettant en place une protection des donn\u00e9es renforc\u00e9e par l\u2019utilisation de moyens de s\u00e9curisation physiques et logiques conformes aux r\u00e8gles de l\u2019art et aux normes qui lui sont impos\u00e9es.<\/p><\/div>\n\t\t\t\t<\/div>\n\t\t\t\t\t\t\t<div class=\"elementor-toggle-item\">\n\t\t\t\t\t<div id=\"elementor-tab-title-2053\" class=\"elementor-tab-title\" data-tab=\"3\" role=\"button\" aria-controls=\"elementor-tab-content-2053\" aria-expanded=\"false\">\n\t\t\t\t\t\t\t\t\t\t\t\t<span class=\"elementor-toggle-icon elementor-toggle-icon-left\" aria-hidden=\"true\">\n\t\t\t\t\t\t\t\t\t\t\t\t\t\t\t<span class=\"elementor-toggle-icon-closed\"><i class=\"fas fa-angle-double-down\"><\/i><\/span>\n\t\t\t\t\t\t\t\t<span class=\"elementor-toggle-icon-opened\"><i class=\"elementor-toggle-icon-opened fas fa-angle-double-up\"><\/i><\/span>\n\t\t\t\t\t\t\t\t\t\t\t\t\t<\/span>\n\t\t\t\t\t\t\t\t\t\t\t\t<a class=\"elementor-toggle-title\" tabindex=\"0\">R\u00e9clamation client<\/a>\n\t\t\t\t\t<\/div>\n\n\t\t\t\t\t<div id=\"elementor-tab-content-2053\" class=\"elementor-tab-content elementor-clearfix\" data-tab=\"3\" role=\"region\" aria-labelledby=\"elementor-tab-title-2053\"><a href=\"https:\/\/yeet-vtc.com\/wp-content\/uploads\/2023\/02\/YEET-VTC-Procedure-traitement-reclamations-pour-site.pdf\">Acc\u00e9der au PDF de la proc\u00e9dure\u00a0 <img decoding=\"async\" class=\"size-full wp-image-2040\" src=\"https:\/\/yeet-vtc.com\/wp-content\/uploads\/2023\/02\/download.png\" alt=\"\" width=\"32\" height=\"32\" \/><\/a><\/div>\n\t\t\t\t<\/div>\n\t\t\t\t\t\t\t\t<\/div>\n\t\t\t\t\t\t<\/div>\n\t\t\t\t<\/div>\n\t\t\t\t\t<\/div>\n\t\t<\/div>\n\t\t\t\t\t<\/div>\n\t\t<\/section>\n\t\t\t\t<\/div>\n\t\t","protected":false},"excerpt":{"rendered":"<p>YEET-VTC YEET-VTC est une solution YEET Assurances &#8211; 54 avenue du mar\u00e9chal de Saxe \u2013 69006 LYON \u2013\u00a0contact@yeet-vtc.com\u00a0SAS au capital de 3 000\u20ac \u2013 RCS Lyon 903169548 &#8211; Immatriculation ORIAS n\u00b0 21008016\u00a0en qualit\u00e9 de courtier en assurance \u2013\u00a0www.orias.fr\u00a0Entreprises r\u00e9gies par le Code des assurances et soumises au contr\u00f4le de l&rsquo;ACPR (Autorit\u00e9 de contr\u00f4le prudentiel &amp; [&hellip;]<\/p>\n","protected":false},"author":3,"featured_media":0,"parent":0,"menu_order":0,"comment_status":"closed","ping_status":"closed","template":"templates\/page-builder-content.php","meta":{"footnotes":""},"class_list":["post-393","page","type-page","status-publish","hentry"],"_links":{"self":[{"href":"https:\/\/yeet-vtc.com\/index.php\/wp-json\/wp\/v2\/pages\/393"}],"collection":[{"href":"https:\/\/yeet-vtc.com\/index.php\/wp-json\/wp\/v2\/pages"}],"about":[{"href":"https:\/\/yeet-vtc.com\/index.php\/wp-json\/wp\/v2\/types\/page"}],"author":[{"embeddable":true,"href":"https:\/\/yeet-vtc.com\/index.php\/wp-json\/wp\/v2\/users\/3"}],"replies":[{"embeddable":true,"href":"https:\/\/yeet-vtc.com\/index.php\/wp-json\/wp\/v2\/comments?post=393"}],"version-history":[{"count":75,"href":"https:\/\/yeet-vtc.com\/index.php\/wp-json\/wp\/v2\/pages\/393\/revisions"}],"predecessor-version":[{"id":2443,"href":"https:\/\/yeet-vtc.com\/index.php\/wp-json\/wp\/v2\/pages\/393\/revisions\/2443"}],"wp:attachment":[{"href":"https:\/\/yeet-vtc.com\/index.php\/wp-json\/wp\/v2\/media?parent=393"}],"curies":[{"name":"wp","href":"https:\/\/api.w.org\/{rel}","templated":true}]}}